{"id":2,"date":"2009-01-31T12:29:10","date_gmt":"2009-01-31T11:29:10","guid":{"rendered":"http:\/\/sprutskalle.dk\/\/blog\/?page_id=2"},"modified":"2019-02-17T12:14:07","modified_gmt":"2019-02-17T11:14:07","slug":"about","status":"publish","type":"page","link":"https:\/\/sprutskalle.dk\/blog\/about\/","title":{"rendered":"Om Jesper Udby"},"content":{"rendered":"<p>Jesper Udby er en stor dreng f\u00f8dt i 1968.<\/p>\n<p>Jesper holder meget af familien. Faktisk betyder familien mere end alt andet: kone, b\u00f8rn, s\u00f8skende, for\u00e6ldre, nev\u00f8er\/niecer. Hele den gamle &#8220;kernefamilie&#8221; fra Rosenv\u00e6nget med b\u00f8rn, b\u00f8rneb\u00f8rn, oldeb\u00f8rn, \u00e6gtef\u00e6ller, k\u00e6rester. De betyder alt.<\/p>\n<p>Jesper er glad for mad &#8211; mildt sagt. Rigtig glad for mad faktisk. S\u00e5 glad for mad at nogen mener Jesper m\u00e5 v\u00e6re faldet i gryden som barn. Men, mad er alts\u00e5 ogs\u00e5 vigtigt. Det er ok at spise s\u00e5dan cirka hver anden time&#8230;<\/p>\n<p>Andre interesser? Hmmmmm&#8230;. Madlavning, vin, \u00f8l, whisky, musik, film, Hi-Fi og elektronik&#8230; Kvinder? Jo, Jesper elsker kvinder, m\u00e5ske lige s\u00e5 meget som mad \ud83d\ude42 Men tag ikke fejl, Jesper er monogam.<\/p>\n<p>Jesper er nok i virkeligheden hvad mange vil betegne som en rigtig n\u00f8rd, m\u00e5ske ikke helt s\u00e5 socialt handicappet&#8230;<\/p>\n<p>Ikke destomindre er Jesper gift med en smuk og dejlig kvinde!<\/p>\n<div id=\"attachment_127\" style=\"width: 310px\" class=\"wp-caption aligncenter\"><a href=\"https:\/\/sprutskalle.dk\/blog\/wp-content\/uploads\/DSC_02921.jpg\"><img loading=\"lazy\" decoding=\"async\" aria-describedby=\"caption-attachment-127\" class=\"size-medium wp-image-127\" title=\"Mette &amp; Jesper\" src=\"https:\/\/sprutskalle.dk\/blog\/wp-content\/uploads\/DSC_02921-300x200.jpg\" alt=\"Mette &amp; Jesper\" width=\"300\" height=\"200\" srcset=\"https:\/\/sprutskalle.dk\/blog\/wp-content\/uploads\/DSC_02921-300x200.jpg 300w, https:\/\/sprutskalle.dk\/blog\/wp-content\/uploads\/DSC_02921.jpg 968w\" sizes=\"auto, (max-width: 300px) 100vw, 300px\" \/><\/a><p id=\"caption-attachment-127\" class=\"wp-caption-text\">Kone og mand<\/p><\/div>\n<p>Jesper m\u00f8dte Mette i 1992. Det var vist noget med et Europamesterskab i fodbold. Ikke fordi hverken Mette eller Jesper interesserer sig synderligt for fodbold&#8230;<\/p>\n<p>Mette og Jesper har 3 dejlige unger: K\u00f8nne, kvikke og k\u00e6rlige. Mette siger det er slut med 3 unger. Hun har nok ret. Der skal ogs\u00e5 v\u00e6re overskud til dem alle, og der er kun 24 timer i d\u00f8gnet. Men for pokker hvor er de dejlige de unger \ud83d\ude42<\/p>\n<div id=\"attachment_129\" style=\"width: 310px\" class=\"wp-caption aligncenter\"><a href=\"https:\/\/sprutskalle.dk\/blog\/wp-content\/uploads\/IMG_0728.jpg\"><img loading=\"lazy\" decoding=\"async\" aria-describedby=\"caption-attachment-129\" class=\"size-medium wp-image-129\" title=\"Med Baadfarten maj 2007\" src=\"https:\/\/sprutskalle.dk\/blog\/wp-content\/uploads\/IMG_0728-300x225.jpg\" alt=\"Med Baadfarten maj 2007\" width=\"300\" height=\"225\" srcset=\"https:\/\/sprutskalle.dk\/blog\/wp-content\/uploads\/IMG_0728-300x225.jpg 300w, https:\/\/sprutskalle.dk\/blog\/wp-content\/uploads\/IMG_0728.jpg 968w\" sizes=\"auto, (max-width: 300px) 100vw, 300px\" \/><\/a><p id=\"caption-attachment-129\" class=\"wp-caption-text\">Hele familien med Baadfarten, maj 2007<\/p><\/div>\n<p>Jesper er Civilingeni\u00f8r (N\u00f8rd!) og Mette er sygeplejerske &#8211; en klassisk og ikke helt tosset kombination&#8230;<\/p>\n<p>P\u00e5 mystisk vis er Jesper ogs\u00e5 blevet indblandet i at lave bankoplader. Ikke fordi Jesper interesserer sig synderligt for banko&#8230; Men det kan man l\u00e6se mere om her: <a href=\"http:\/\/bankopladerne.dk\">http:\/\/bankopladerne.dk<\/a><\/p>\n<p><a style=\"text-decoration: none;\" href=\"http:\/\/dk.linkedin.com\/pub\/jesper-udby\/0\/660\/b48\"><span style=\"font: 80% Arial,sans-serif; color: #0783b6;\"><img loading=\"lazy\" decoding=\"async\" style=\"vertical-align: middle;\" src=\"http:\/\/www.linkedin.com\/img\/webpromo\/btn_in_20x15.png\" alt=\"View Jesper Udby's LinkedIn profile\" width=\"20\" height=\"15\" border=\"0\" \/>Se Jesper Udby&#8217;s profile<\/span><\/a><\/p>\n","protected":false},"excerpt":{"rendered":"<p>Jesper Udby er en stor dreng f\u00f8dt i 1968. Jesper holder meget af familien. Faktisk betyder familien mere end alt andet: kone, b\u00f8rn, s\u00f8skende, for\u00e6ldre, nev\u00f8er\/niecer. Hele den gamle &#8220;kernefamilie&#8221; fra Rosenv\u00e6nget med b\u00f8rn, b\u00f8rneb\u00f8rn, oldeb\u00f8rn, \u00e6gtef\u00e6ller, k\u00e6rester. De betyder alt. Jesper er glad for mad &#8211; mildt sagt. Rigtig glad for mad faktisk. S\u00e5 [&hellip;]<\/p>\n","protected":false},"author":1,"featured_media":0,"parent":0,"menu_order":0,"comment_status":"open","ping_status":"open","template":"","meta":{"footnotes":""},"class_list":["post-2","page","type-page","status-publish","hentry"],"_links":{"self":[{"href":"https:\/\/sprutskalle.dk\/blog\/wp-json\/wp\/v2\/pages\/2","targetHints":{"allow":["GET"]}}],"collection":[{"href":"https:\/\/sprutskalle.dk\/blog\/wp-json\/wp\/v2\/pages"}],"about":[{"href":"https:\/\/sprutskalle.dk\/blog\/wp-json\/wp\/v2\/types\/page"}],"author":[{"embeddable":true,"href":"https:\/\/sprutskalle.dk\/blog\/wp-json\/wp\/v2\/users\/1"}],"replies":[{"embeddable":true,"href":"https:\/\/sprutskalle.dk\/blog\/wp-json\/wp\/v2\/comments?post=2"}],"version-history":[{"count":12,"href":"https:\/\/sprutskalle.dk\/blog\/wp-json\/wp\/v2\/pages\/2\/revisions"}],"predecessor-version":[{"id":642,"href":"https:\/\/sprutskalle.dk\/blog\/wp-json\/wp\/v2\/pages\/2\/revisions\/642"}],"wp:attachment":[{"href":"https:\/\/sprutskalle.dk\/blog\/wp-json\/wp\/v2\/media?parent=2"}],"curies":[{"name":"wp","href":"https:\/\/api.w.org\/{rel}","templated":true}]}}